(i) = -2*i**2 + i - 1. Let p be m(1). Let l(s) = -16*s - 21*s - 15*s - 17*s + 67*s. Determine l(p).
4
Let q(h) = -h**3 + h**2 - h - 11. Suppose -3*s = -2*s - 5*m - 25, -5*s - 25 = 5*m. Calculate q(s).
-11
Let x(q) = 21*q**2 - q - 6. Let l(z) = 4*z**2 - 1. Let p(w) = -11*l(w) + 2*x(w). Calculate p(-2).
-5
Let o(i) = -6*i - 6. Let a(s) = 84 - 7*s - 45 - 46. Let k(r) = 5*a(r) - 6*o(r). Give k(6).
7
Let w(t) = -t**3 + t**2 + 6*t - 1. Let u be 3/(-5)*(29 + -34). Give w(u).
-1
Let f(u) = u**2 - 3*u + 7. Suppose -w = x, x - 6*w = -w + 18. Let h be f(x). Let b(v) = v**2 - 9*v + 1. Give b(h).
-13
Suppose 4*n + 5*w = w - 36, -5*w = 10. Let v(q) = -q**3 - 7*q**2 - q - 9. Determine v(n).
-2
Let g(j) = j**2 + 8*j - 32. Let i be g(-11). Let k(y) = -4 - 2 + y + 3 + i. Give k(8).
6
Let w(a) = 6*a + 3. Let o = -15 - -18. Suppose 4*d = -2*n, 5*n = 4*d + o*n + 16. Give w(d).
-9
Let d(u) = -11*u**3 + 5*u - 4. Let w(y) = -22*y**3 + 9*y - 7. Let i(v) = 2*v + 19. Let p be i(-8). Let z(o) = p*w(o) - 5*d(o). Let f = -22 + 23. Give z(f).
-10
Let t(n) = -n**3 + 6*n**2 + 7*n + 2. Suppose -2*f - 6*f = -56. Give t(f).
2
Let y(t) = -3*t**2 - t - 1. Let q(f) = 14*f**2 - 7*f + 1. Let o(m) = q(m) + 5*y(m). Calculate o(-11).
7
Let h(b) = -b**2 - 2*b - 2. Suppose -8 = f + 2. Let n = 1 - f. Suppose n = -4*d - 1. What is h(d)?
-5
Let f = 1118 + -1114. Let h(y) = 2*y**2 - 8*y + 5. Give h(f).
5
Let g(o) = o**3 - 18*o**2 + 19*o - 17. Suppose 1318 - 1199 = 7*d. What is g(d)?
17
Let n(t) = t**3 + 5*t**2 - 2*t + 7. Let m be -19 + 17 + (-2 - 4/2). Determine n(m).
-17
Let z(d) = d**3 + 9*d + 1 - 9*d + 2*d - d. Let j(y) = -2*y**3 + 4*y**2 - 2*y + 1. Let s(w) = -j(w) - 3*z(w). What is s(-3)?
-10
Let u(n) be the second derivative of -n**4/12 - n**3/2 + n**2 + n. Let z(r) = 48*r**2 - 1 - r**3 - 52*r**2 - 4. Let c be z(-4). Calculate u(c).
-8
Let a(k) = 8*k**2 - 11 + 20*k**3 + 2*k + 12*k**3 - 33*k**3. What is a(8)?
5
Let x(b) be the second derivative of -b**8/2240 - b**7/840 + b**5/120 - b**4 - 2*b. Let w(j) be the third derivative of x(j). What is w(-2)?
13
Let k(a) = a**2 - 2*a - 6. Let o = 1980 - 1975. Calculate k(o).
9
Suppose -22*d = -21*d - 5. Let r(c) = 6*c**2 - 2*c + 1. Let t be r(1). Suppose 4*l + 40 = t*z, 2*z + 15 = -d*l - 2. Let b(h) = 2*h + 2. Give b(z).
10
Let h(q) = q**3 + 7*q**2 + 6*q + 4. Let j be h(-5). Let o(x) = 17 - 3*x + 2*x - j. Calculate o(-6).
-1
Let m be ((-117)/(-12))/(-13) + (-414)/24. Let l(v) = -v**2 - 18*v. What is l(m)?
0
Suppose 0 = 2*d - 0*d + 4. Let u(f) = 236*f - 5*f**2 + 232*f - 467*f. What is u(d)?
-22
Let l = -83 + 92. Let x(d) = -d**3 + 9*d**2 - d - 5. Calculate x(l).
-14
Let i be 1/(1 - (-15)/(-18)). Let t be (-24)/(-14) + (-2)/(-7). Let l(s) = -s**2 + 1 + 0 - t*s + 9*s. Calculate l(i).
7
Suppose 3*t = 6*t - 18. Let h(c) = c - 6. Let p be h(t). Suppose -3*v - 4*j + 13 = p, -5*j = 4*v - 3*v - 19. Let a(z) = -6*z**3 + 2*z**2 + z. Calculate a(v).
7
Let u = -27 + 24. Let p be 2/u - (-25)/15. Let n(q) be the second derivative of -11*q**3/6 + q. What is n(p)?
-11
Let f be -3 - -9 - (8 + -5). Let j(z) = 4*z + 2. Determine j(f).
14
Suppose 0 = -3*i + 11 + 10. Suppose 0 = -3*q + i - 1. Suppose k + 23 = 5*z, 5*z + q*k = 2*z + 19. Let l(m) = -m**3 + 6*m**2 - 6*m - 2. Calculate l(z).
-7
Let v = 552 - 549. Let k(w) be the first derivative of 2*w**3/3 - 5*w**2/2 + 4*w - 7. Calculate k(v).
7
Let x(z) = z**2 - 5*z + 6. Let u = -6 + 9. Let j(d) = 26*d**3 - 14*d**3 + 3 - 3*d - 2*d**2 + 2 - 11*d**3. Let v be j(u). Give x(v).
6
Let y(r) be the third derivative of -r**4/24 + 3*r**2. Let j(q) = 2*q - 2. Let z(i) = j(i) + 3*y(i). Let h be ((-2)/2)/((-5)/10). What is z(h)?
-4
Let o(v) = -11*v - 11. Let t(k) = 9*k + 9. Let d(p) = -5*o(p) - 6*t(p). What is d(8)?
9
Let m(n) = -n**3 - 5*n**2 - 3*n - 10. Let g(r) = -r**3 - 27*r**2 - 24*r + 47. Let c be g(-26). What is m(c)?
5
Let j = -113 + 106. Let x(s) = -2*s - 3. Calculate x(j).
11
Let o(s) = s**2 + 4*s + 4. Let q(b) = -8*b + 420. Let a be q(53). Determine o(a).
4
Let l(d) = 2*d**2 - 2*d - 2. Let u(w) = w**2 - w - 1. Suppose 4*r = -g + 2*g - 27, -2*r - 80 = -4*g. Let j = g - 16. Let o(z) = j*l(z) - 5*u(z). What is o(2)?
1
Let m be 9/3 - (-12 - -15). Let g(o) be the second derivative of 2/3*o**3 + m + 1/3*o**4 + 1/20*o**5 - 3*o + 1/2*o**2. Determine g(-3).
-2
Let a be (1 + (-13)/(-2))*(-62)/(-93). Let o(z) = -2*z + 9. Calculate o(a).
-1
Let v(b) = 6*b**2 - 3*b**2 + 1 - b**3 + 2*b - b**2. Let m be v(2). Let z(h) be the second derivative of -h**5/20 + h**4/2 - h**3/3 - h**2 - 28*h. What is z(m)?
13
Let i(l) = 4*l + 1. Let d = -123 - -116. Give i(d).
-27
Let a = -236 - -229. Let v(y) = -y**3 + 8*y**2 - 6*y - 5. Let h(i) = 5*i**3 - 33*i**2 + 23*i + 21. Let n(k) = 2*h(k) + 9*v(k). Give n(a).
4
Suppose -6*b + 15 = 3*s, 8*b - 9*b + 4*s + 16 = 0. Let z(a) = 8*a - 5. Calculate z(b).
27
Let y(q) be the first derivative of -3*q**2/2 + 4*q - 92. Calculate y(8).
-20
Let i(u) be the third derivative of -2*u**5/15 + u**3/6 - u**2. Suppose p = 3*j + 5, 3*p + 8*j + 13 = 3*j. What is i(p)?
-7
Let c be -39 - -40 - (-8 + 0/1). Let x(o) = 75*o + c*o**3 - 37*o - 38*o + o**2. Determine x(1).
10
Let c(v) = -5 + 978*v - 489*v - 490*v. Give c(3).
-8
Let p(f) = f**3 - 21*f**2 - 23*f + 17. Let w be p(22). Let c(l) = -3*l - 2. What is c(w)?
13
Let c(u) = -2*u - 1. Let n(s) = 1. Suppose b = 2*g - 4*g + 11, b + 14 = 3*g. Let q(k) = b*c(k) + 6*n(k). Give q(-5).
15
Suppose -10 = 4*i - 26. Let g(h) be the second derivative of -h**6/120 + h**5/24 - h**4/4 - 4*h. Let t(a) be the third derivative of g(a). What is t(i)?
-19
Let x(g) = 7*g - g**2 + 17 + 3*g + 0*g - 5*g - 4*g. Calculate x(5).
-3
Suppose 0*v - v = 0. Let h(c) = -c**2 + 2*c + 2 + 0*c**2 + 7 - 3*c. Give h(v).
9
Let a(z) = -3 - 4 + 211*z - 416*z + 211*z - 1. Give a(-3).
-26
Let u(g) = 5*g. Let j be u(1). Suppose -2*w + 3 + 1 = 0. Let f(x) = x**2 + w*x + 6 - 2 - 2*x**2. Calculate f(j).
-11
Let f(i) = 2*i + 2*i**2 - 476*i**3 - 6*i + 477*i**3 - 5*i**2 + 3. Give f(3).
-9
Let z(x) be the first derivative of -5/3*x**3 - x**2 + 1/4*x**4 + 3*x + 5. Suppose 27 = -6*s + 57. Determine z(s).
-7
Let j(r) = 3*r - r**2 + r - r + 22*r**2 - 20*r**2. Determine j(-6).
18
Suppose 0 = 3*b - b + 2. Let v(g) = 119*g**3 + g**2 + 135*g**3 + g + 130*g**3 - 365*g**3. Calculate v(b).
-19
Let h be (1 - 3 - -4)/((-6)/(-9)). Let i(a) = a**3 - 5*a**2 + 5*a - 2. What is i(h)?
-5
Suppose 0 = -206*k + 224*k. Let w(l) be the third derivative of k + 11*l**2 + 1/24*l**4 + 1/2*l**3 + 0*l. Give w(5).
8
Suppose 5*y - 9 = -4*k + 14, -6 = -2*y. Let u(j) = -18*j - 2. Give u(k).
-38
Let f(o) = -o**3 + 9*o**2 - 3*o - 3. Let g(c) = -2*c**3 + 18*c**2 - 5*c - 6. Let i(h) = -5*f(h) + 3*g(h). Determine i(9).
-3
Suppose 0 = -3*p - 612 + 624. Let q(x) = x + 6. Give q(p).
10
Let n(t) = -3 + 107*t**2 - t**3 - t - 54*t**2 - 57*t**2. Let u(l) = -l**2 + 2*l + 4. Let x be u(4). What is n(x)?
1
Let d(b) = 2*b - 4. Let l(j) = -2*j**2 + 2*j - 3. Let c be l(2). Let m(u) = 2*u - 5. Let i be m(c). Let p = -13 - i. Determine d(p).
8
Let g(x) = -x + 1. Let s(y) = -y**2 - 1. Let m be s(2). Let f = -3 - m. Let a(u) = -4*u + 6. Let r(q) = f*a(q) - 12*g(q). What is r(1)?
4
Let b(o) be the third derivative of 1/24*o**4 - 7*o**2 + 0*o - 5/3*o**3 + 0. What is b(6)?
-4
Let o(b) = b. Let s = 318 + -307. Determine o(s).
11
Let m be 9/(-18)*(-10)/5. Let p(r) = -8*r + 3. Give p(m).
-5
Let n(q) be the third derivative of -q**6/120 - 2*q**5/15 - 5*q**4/12 - q**3/3 - 8*q**2 + 9*q. Determine n(-7).
19
Let n(u) = -u - 1. Let q = 968 - 969. Give n(q).
0
Let m be -6 + (1 + -1)/1. Let w = m - 2. Let g be 7/((-28)/w) + -1. Let n(i) = 6*i**3 - 1. What is n(g)?
5
Let h = -9 + 15. Let f(d) = -h*d + 3*d - 4 - 2*d + 9 + d**2. Give f(5).
5
Let g(k) = -3*k**3 - 2*k - 13*k**2 + 3*k - 12*k + 2*k**3 + 9. Let n be g(-12). Let l be -1 + n + (0 - -3). Let y(x) = -9*x**3 - 2*x**2 - x. Determine y(l).
8
Suppose 0 = 2*p - 7 + 1. Let q(n) = 10*n**2 + 3*n**3 + 21*n - 11*n + 10 - n**p - n**3. Calculate q(-9).
1
Let x(q) = q**3 + 8*q**2 - q - 5. Suppose -5*n - 2 = 4*j + 42, 5*j + 45 = -5*n. Give x(n).
3
Let b(a) be the second derivative of -a**5/20 - 7*a**4/12 + a**3 - 3*a**2 - 17*a. Determine b(-8).
10
Let j(k) = -14*k - 4. Let m be -6 + 1 - (-6 + -7 + 10). Calculate j(m).
24
Let k be (-4)/6 - 10/(-6). Let